{"id":476,"date":"2022-11-02T09:20:44","date_gmt":"2022-11-02T09:20:44","guid":{"rendered":"https:\/\/amisia.brammer.co\/index.php\/vare\/bondegaardskjole-til-muffy\/"},"modified":"2022-11-02T10:35:58","modified_gmt":"2022-11-02T10:35:58","slug":"bondegaardskjole-til-muffy","status":"publish","type":"product","link":"https:\/\/amisia.brammer.co\/index.php\/vare\/bondegaardskjole-til-muffy\/","title":{"rendered":"Bondeg\u00e5rdskjole til Muffy"},"content":{"rendered":"<p>Muffys lysebl\u00e5 bondeg\u00e5rdskjole fra Down on the farm. I original kostumet har Muffy en foderpose, den f\u00f8lger ikke med her.<\/p>\n<p>Du bedes v\u00e6lge, om du \u00f8nsker at k\u00f8be kjolen alene eller kjolen med sko og\/eller t\u00f8rkl\u00e6de.<\/p>\n<p>&nbsp;<\/p>\n<p>&nbsp;<\/p>\n","protected":false},"excerpt":{"rendered":"<p>Muffys bondeg\u00e5rdskjole<\/p>\n","protected":false},"featured_media":479,"comment_status":"open","ping_status":"closed","template":"","meta":[],"product_brand":[],"product_cat":[22],"product_tag":[37,30,32,31,34,33,29,36,35],"class_list":{"0":"post-476","1":"product","2":"type-product","3":"status-publish","4":"has-post-thumbnail","6":"product_cat-loese-kostumedele","7":"product_tag-amisia-dk","8":"product_tag-bondegaard","9":"product_tag-bondegaardskjole","10":"product_tag-down-on-the-farm","11":"product_tag-kjole","12":"product_tag-lyseblaa","13":"product_tag-muffy","14":"product_tag-muffyshoppen","15":"product_tag-vanderbear","17":"first","18":"instock","19":"taxable","20":"shipping-taxable","21":"purchasable","22":"product-type-variable"},"yoast_head":"<!-- This site is optimized with the Yoast SEO plugin v24.5 - https:\/\/yoast.com\/wordpress\/plugins\/seo\/ -->\n<title>Bondeg\u00e5rdskjole til Muffy - Amisia %<\/title>\n<meta name=\"description\" content=\"Muffy Down on the Farm dress, Muffys bondeg\u00e5rdskjole\" \/>\n<meta name=\"robots\" content=\"index, follow, max-snippet:-1, max-image-preview:large, max-video-preview:-1\" \/>\n<link rel=\"canonical\" href=\"https:\/\/amisia.brammer.co\/index.php\/vare\/bondegaardskjole-til-muffy\/\" \/>\n<meta property=\"og:locale\" content=\"da_DK\" \/>\n<meta property=\"og:type\" content=\"article\" \/>\n<meta property=\"og:title\" content=\"Bondeg\u00e5rdskjole til Muffy - Amisia %\" \/>\n<meta property=\"og:description\" content=\"Muffy Down on the Farm dress, Muffys bondeg\u00e5rdskjole\" \/>\n<meta property=\"og:url\" content=\"https:\/\/amisia.brammer.co\/index.php\/vare\/bondegaardskjole-til-muffy\/\" \/>\n<meta property=\"og:site_name\" content=\"Amisia\" \/>\n<meta property=\"article:modified_time\" content=\"2022-11-02T10:35:58+00:00\" \/>\n<meta property=\"og:image\" content=\"https:\/\/amisia.brammer.co\/wp-content\/uploads\/2022\/11\/Bondegaardskjole.jpg\" \/>\n\t<meta property=\"og:image:width\" content=\"600\" \/>\n\t<meta property=\"og:image:height\" content=\"600\" \/>\n\t<meta property=\"og:image:type\" content=\"image\/jpeg\" \/>\n<meta name=\"twitter:card\" content=\"summary_large_image\" \/>\n<meta name=\"twitter:label1\" content=\"Estimeret l\u00e6setid\" \/>\n\t<meta name=\"twitter:data1\" content=\"1 minut\" \/>\n<script type=\"application\/ld+json\" class=\"yoast-schema-graph\">{\"@context\":\"https:\/\/schema.org\",\"@graph\":[{\"@type\":\"WebPage\",\"@id\":\"https:\/\/amisia.brammer.co\/index.php\/vare\/bondegaardskjole-til-muffy\/\",\"url\":\"https:\/\/amisia.brammer.co\/index.php\/vare\/bondegaardskjole-til-muffy\/\",\"name\":\"Bondeg\u00e5rdskjole til Muffy - Amisia %\",\"isPartOf\":{\"@id\":\"https:\/\/amisia.brammer.co\/#website\"},\"primaryImageOfPage\":{\"@id\":\"https:\/\/amisia.brammer.co\/index.php\/vare\/bondegaardskjole-til-muffy\/#primaryimage\"},\"image\":{\"@id\":\"https:\/\/amisia.brammer.co\/index.php\/vare\/bondegaardskjole-til-muffy\/#primaryimage\"},\"thumbnailUrl\":\"https:\/\/amisia.brammer.co\/wp-content\/uploads\/2022\/11\/Bondegaardskjole.jpg\",\"datePublished\":\"2022-11-02T09:20:44+00:00\",\"dateModified\":\"2022-11-02T10:35:58+00:00\",\"description\":\"Muffy Down on the Farm dress, Muffys bondeg\u00e5rdskjole\",\"breadcrumb\":{\"@id\":\"https:\/\/amisia.brammer.co\/index.php\/vare\/bondegaardskjole-til-muffy\/#breadcrumb\"},\"inLanguage\":\"da-DK\",\"potentialAction\":[{\"@type\":\"ReadAction\",\"target\":[\"https:\/\/amisia.brammer.co\/index.php\/vare\/bondegaardskjole-til-muffy\/\"]}]},{\"@type\":\"ImageObject\",\"inLanguage\":\"da-DK\",\"@id\":\"https:\/\/amisia.brammer.co\/index.php\/vare\/bondegaardskjole-til-muffy\/#primaryimage\",\"url\":\"https:\/\/amisia.brammer.co\/wp-content\/uploads\/2022\/11\/Bondegaardskjole.jpg\",\"contentUrl\":\"https:\/\/amisia.brammer.co\/wp-content\/uploads\/2022\/11\/Bondegaardskjole.jpg\",\"width\":600,\"height\":600},{\"@type\":\"BreadcrumbList\",\"@id\":\"https:\/\/amisia.brammer.co\/index.php\/vare\/bondegaardskjole-til-muffy\/#breadcrumb\",\"itemListElement\":[{\"@type\":\"ListItem\",\"position\":1,\"name\":\"Hjem\",\"item\":\"https:\/\/amisia.brammer.co\/\"},{\"@type\":\"ListItem\",\"position\":2,\"name\":\"Shop\",\"item\":\"https:\/\/amisia.brammer.co\/index.php\/shop\/\"},{\"@type\":\"ListItem\",\"position\":3,\"name\":\"Bondeg\u00e5rdskjole til Muffy\"}]},{\"@type\":\"WebSite\",\"@id\":\"https:\/\/amisia.brammer.co\/#website\",\"url\":\"https:\/\/amisia.brammer.co\/\",\"name\":\"Amisia\",\"description\":\"muffyshoppen.com\",\"potentialAction\":[{\"@type\":\"SearchAction\",\"target\":{\"@type\":\"EntryPoint\",\"urlTemplate\":\"https:\/\/amisia.brammer.co\/?s={search_term_string}\"},\"query-input\":{\"@type\":\"PropertyValueSpecification\",\"valueRequired\":true,\"valueName\":\"search_term_string\"}}],\"inLanguage\":\"da-DK\"}]}<\/script>\n<!-- \/ Yoast SEO plugin. -->","yoast_head_json":{"title":"Bondeg\u00e5rdskjole til Muffy - Amisia %","description":"Muffy Down on the Farm dress, Muffys bondeg\u00e5rdskjole","robots":{"index":"index","follow":"follow","max-snippet":"max-snippet:-1","max-image-preview":"max-image-preview:large","max-video-preview":"max-video-preview:-1"},"canonical":"https:\/\/amisia.brammer.co\/index.php\/vare\/bondegaardskjole-til-muffy\/","og_locale":"da_DK","og_type":"article","og_title":"Bondeg\u00e5rdskjole til Muffy - Amisia %","og_description":"Muffy Down on the Farm dress, Muffys bondeg\u00e5rdskjole","og_url":"https:\/\/amisia.brammer.co\/index.php\/vare\/bondegaardskjole-til-muffy\/","og_site_name":"Amisia","article_modified_time":"2022-11-02T10:35:58+00:00","og_image":[{"width":600,"height":600,"url":"https:\/\/amisia.brammer.co\/wp-content\/uploads\/2022\/11\/Bondegaardskjole.jpg","type":"image\/jpeg"}],"twitter_card":"summary_large_image","twitter_misc":{"Estimeret l\u00e6setid":"1 minut"},"schema":{"@context":"https:\/\/schema.org","@graph":[{"@type":"WebPage","@id":"https:\/\/amisia.brammer.co\/index.php\/vare\/bondegaardskjole-til-muffy\/","url":"https:\/\/amisia.brammer.co\/index.php\/vare\/bondegaardskjole-til-muffy\/","name":"Bondeg\u00e5rdskjole til Muffy - Amisia %","isPartOf":{"@id":"https:\/\/amisia.brammer.co\/#website"},"primaryImageOfPage":{"@id":"https:\/\/amisia.brammer.co\/index.php\/vare\/bondegaardskjole-til-muffy\/#primaryimage"},"image":{"@id":"https:\/\/amisia.brammer.co\/index.php\/vare\/bondegaardskjole-til-muffy\/#primaryimage"},"thumbnailUrl":"https:\/\/amisia.brammer.co\/wp-content\/uploads\/2022\/11\/Bondegaardskjole.jpg","datePublished":"2022-11-02T09:20:44+00:00","dateModified":"2022-11-02T10:35:58+00:00","description":"Muffy Down on the Farm dress, Muffys bondeg\u00e5rdskjole","breadcrumb":{"@id":"https:\/\/amisia.brammer.co\/index.php\/vare\/bondegaardskjole-til-muffy\/#breadcrumb"},"inLanguage":"da-DK","potentialAction":[{"@type":"ReadAction","target":["https:\/\/amisia.brammer.co\/index.php\/vare\/bondegaardskjole-til-muffy\/"]}]},{"@type":"ImageObject","inLanguage":"da-DK","@id":"https:\/\/amisia.brammer.co\/index.php\/vare\/bondegaardskjole-til-muffy\/#primaryimage","url":"https:\/\/amisia.brammer.co\/wp-content\/uploads\/2022\/11\/Bondegaardskjole.jpg","contentUrl":"https:\/\/amisia.brammer.co\/wp-content\/uploads\/2022\/11\/Bondegaardskjole.jpg","width":600,"height":600},{"@type":"BreadcrumbList","@id":"https:\/\/amisia.brammer.co\/index.php\/vare\/bondegaardskjole-til-muffy\/#breadcrumb","itemListElement":[{"@type":"ListItem","position":1,"name":"Hjem","item":"https:\/\/amisia.brammer.co\/"},{"@type":"ListItem","position":2,"name":"Shop","item":"https:\/\/amisia.brammer.co\/index.php\/shop\/"},{"@type":"ListItem","position":3,"name":"Bondeg\u00e5rdskjole til Muffy"}]},{"@type":"WebSite","@id":"https:\/\/amisia.brammer.co\/#website","url":"https:\/\/amisia.brammer.co\/","name":"Amisia","description":"muffyshoppen.com","potentialAction":[{"@type":"SearchAction","target":{"@type":"EntryPoint","urlTemplate":"https:\/\/amisia.brammer.co\/?s={search_term_string}"},"query-input":{"@type":"PropertyValueSpecification","valueRequired":true,"valueName":"search_term_string"}}],"inLanguage":"da-DK"}]}},"_links":{"self":[{"href":"https:\/\/amisia.brammer.co\/index.php\/wp-json\/wp\/v2\/product\/476","targetHints":{"allow":["GET"]}}],"collection":[{"href":"https:\/\/amisia.brammer.co\/index.php\/wp-json\/wp\/v2\/product"}],"about":[{"href":"https:\/\/amisia.brammer.co\/index.php\/wp-json\/wp\/v2\/types\/product"}],"replies":[{"embeddable":true,"href":"https:\/\/amisia.brammer.co\/index.php\/wp-json\/wp\/v2\/comments?post=476"}],"wp:featuredmedia":[{"embeddable":true,"href":"https:\/\/amisia.brammer.co\/index.php\/wp-json\/wp\/v2\/media\/479"}],"wp:attachment":[{"href":"https:\/\/amisia.brammer.co\/index.php\/wp-json\/wp\/v2\/media?parent=476"}],"wp:term":[{"taxonomy":"product_brand","embeddable":true,"href":"https:\/\/amisia.brammer.co\/index.php\/wp-json\/wp\/v2\/product_brand?post=476"},{"taxonomy":"product_cat","embeddable":true,"href":"https:\/\/amisia.brammer.co\/index.php\/wp-json\/wp\/v2\/product_cat?post=476"},{"taxonomy":"product_tag","embeddable":true,"href":"https:\/\/amisia.brammer.co\/index.php\/wp-json\/wp\/v2\/product_tag?post=476"}],"curies":[{"name":"wp","href":"https:\/\/api.w.org\/{rel}","templated":true}]}}